the greatest common factor of 36 and s.
12
Let o(h) = -3*h + 3. Let t be o(3). Let g = -2 + -6. Let k be t/2*g/6. What is the highest common factor of 6 and k?
2
Let i(j) = 2 - j**2 - 3*j**2 + 3*j + 3*j**3 - 3. Let v be i(2). Let q(f) = 19*f - 5. Let r be q(3). Calculate the highest common divisor of v and r.
13
Suppose 15 = -2*a + 5*a. Suppose -65 = -a*w + 3*o - o, 2*w - o = 27. Calculate the highest common factor of 88 and w.
11
Suppose -2*g - 400 = -12*g. Let q(n) = -n**3 + 3*n - 2. Let s be q(-3). Calculate the greatest common divisor of s and g.
8
Suppose -5 - 5 = -5*b. Suppose -7*c + 20 = -b*c. Calculate the highest common divisor of 4 and c.
4
Suppose p = j - 2, 10 = j + 4*p - 12. What is the highest common divisor of 66 and j?
6
Let c be (0 + 0)*(-4 + 5). Suppose c*m - 9 = m. Let h be (26/(-6))/(1/m). What is the highest common divisor of 13 and h?
13
Suppose -4*g = g + k - 91, -16 = 4*k. Let x be (6/(-4))/((-6)/608). What is the highest common divisor of x and g?
19
Let s(x) = x**3 - 8*x**2 + 8*x + 1. Let m be s(7). What is the highest common factor of m and 24?
8
Let l = 10 - -2. Let f = 20 + -16. Calculate the highest common divisor of f and l.
4
Let q be 12/10*(-5)/(-2). Suppose p - 84 = -5*z, -q*p = z + z - 200. Suppose 2*m = -m + v + 96, 5*v - p = -2*m. What is the highest common factor of 4 and m?
4
Let t = -10 + 30. Calculate the highest common factor of t and 10.
10
Suppose 0 = -2*t - 9 + 111. Calculate the highest common divisor of 68 and t.
17
Suppose -6*p = -8*p. Suppose p = -4*k + 5*d + 106, 3*k + 6*d = d + 62. What is the greatest common factor of k and 6?
6
Let h be 0 - (0/(-3))/2. Suppose 4*a - 3*a - 3 = h. What is the greatest common factor of a and 6?
3
Suppose -4*p + 9*p = 110. Calculate the greatest common factor of 11 and p.
11
Let h be 3/(3*2)*0. Suppose h = -c - v - 17, 3*c + 4*v - 4 = 5*c. Let u be (-4)/c + (-23)/(-3). What is the greatest common factor of 2 and u?
2
Let z = -127 + 166. Calculate the highest common divisor of z and 65.
13
Let n = -84 + 107. Calculate the greatest common factor of n and 23.
23
Let x be 0 - (12/((-6)/3) + 1). Let o = 2 + 0. Calculate the greatest common factor of o and x.
1
Suppose y = -3, 3*u = -0*u - 3*y + 39. What is the highest common divisor of 16 and u?
16
Suppose -4*v + v = -3. Let x(a) = 4 + v + a**2 + 1 + 5*a. Let n be x(-5). What is the highest common divisor of n and 54?
6
Suppose -1 + 11 = 2*l. Suppose -4*v - 29 = -d, 5*d + 2*v - l*v - 94 = 0. Calculate the greatest common factor of 17 and d.
17
Let x be (-1)/3*-7*3. Suppose -3*s + 0*s = 3*p, 4 = -2*p - 3*s. Let n be (6 - p)/(2 + 0). What is the highest common divisor of x and n?
1
Let a be (-2)/((12/(-66))/((-2)/(-1))). What is the greatest common divisor of a and 33?
11
Let y(p) = 84*p**2 + p - 1. Let t = 5 - 0. Suppose 4*f = 4*i - f - 19, 4*i + t = -3*f. Let q be y(i). Calculate the greatest common divisor of q and 12.
12
Let d = 3 + 1. Suppose -215 = -2*p + 5*a, 8*a - d*a = 4. Calculate the highest common divisor of 22 and p.
22
Suppose 2*t - 24 = -4*s, 2*t - 17 = -3*s + 3. Let q(z) = z**2 - 4*z + 5. Let u be q(t). Suppose 31 = u*a - 9. Calculate the greatest common factor of 2 and a.
2
Let y be (-22 + 2 + 0)*-11. Let u = y + -150. Let r be 69/5 + (-2)/(-10). What is the greatest common divisor of r and u?
14
Let w(j) = 5*j + 1. Let l be w(1). Let f be 1/2 - 35/(-10). Calculate the highest common divisor of f and l.
2
Suppose -b = -3*b - 4. Let m be b + -1 + (3 - -1). Calculate the greatest common divisor of 1 and m.
1
Let p be 1*2 - (-19 - 1). Suppose 0 = 3*r - 20 - p. Let o = -31 + 129. Calculate the highest common factor of r and o.
14
Suppose 0*r + 4*r = 3*b - 264, -3*b = -2*r - 264. Let l = -21 - -29. Calculate the highest common divisor of b and l.
8
Suppose t - 2*t = -104. Suppose -8*v = -5*v - 39. What is the greatest common divisor of v and t?
13
Let j(r) = r**2 - 18*r + 9. Let m be j(-9). What is the highest common divisor of m and 36?
36
Suppose -c + 4*z + 208 = 0, c = -4*c + 4*z + 1056. Suppose -4*s + 2*t - 5*t = -233, -4*s + 4*t + c = 0. Calculate the greatest common divisor of s and 8.
8
Let m = -39 - -55. Let i(y) = -y**3 + 6*y**2 + 3. Let p be i(6). Let x be 7 - 3*(p - 2). Calculate the highest common factor of x and m.
4
Let h(w) = -w**2 + 11*w + 17. Let l be h(12). What is the highest common divisor of l and 45?
5
Let n = -239 - -375. Suppose -4*t = 2*q - 42, -5*q = t - 102 + 15. Calculate the highest common factor of n and q.
17
Suppose -4*f - 2*t + 24 = 0, -19 = -0*f - 3*f - t. Suppose -9*w = -10*w + 1. What is the greatest common divisor of w and f?
1
Let z(c) = c**2 - c. Let m be z(4). Suppose 13 + 4 = r + 5*j, 2*r - 25 = -j. Let k be 4/6 + 64/r. Calculate the greatest common divisor of k and m.
6
Suppose 2*a - 40 = 170. What is the greatest common factor of 15 and a?
15
Let g(h) be the first derivative of h**3/3 - 3*h**2 - 2*h + 1. Suppose 2*w + w = 24. Let m be g(w). What is the highest common divisor of m and 84?
14
Let p = 7 - 2. Let v be p + -3 + (0 - -2). Suppose -3*q + 59 = 4*k, v*q - k = 6*q - 36. Calculate the greatest common factor of q and 34.
17
Suppose -q + 44 = -0*q. Suppose 5*z - q = -4*d, -1 = d + 3. Calculate the greatest common factor of 12 and z.
12
Let b be 59/3 + (-8)/(-24). Suppose 0 = 3*j - 31 - b. Suppose 5*k - 4*f = 81, 2*f - f - 35 = -2*k. Calculate the greatest common factor of k and j.
17
Let z(d) be the third derivative of d**5/60 + d**4/12 + 4*d**3/3 - 3*d**2. Let y be z(-6). What is the highest common factor of y and 4?
4
Suppose -3*m = 2*m - 180. Suppose h - 5 + 1 = 0. What is the highest common factor of h and m?
4
Let b(p) = 2*p**3 + 2*p**2 + p - 1. Let m be b(2). Let j = -15 + 25. Calculate the highest common factor of m and j.
5
Let y(v) = -28*v - 1. Let n be y(1). Let k be -1 + (0 - n - -2). Calculate the greatest common divisor of k and 6.
6
Suppose 0 = 2*h - 4*h + 2*r + 16, 0 = -3*r + 12. Let d be ((-2)/(-1))/2*h. What is the highest common divisor of d and 36?
12
Let n be (-280)/(-16) - 1/(-2). Calculate the greatest common factor of 18 and n.
18
Let c = -12 + 17. Let o = 5 - c. Suppose o = -0*k - k + 99. What is the highest common factor of k and 11?
11
Let b = 7 - -9. What is the greatest common divisor of b and 4?
4
Suppose 5*d = 6 + 14. Let k = -10 + 15. Let j(n) = -n + 6. Let f be j(k). Calculate the highest common divisor of f and d.
1
Let n(z) = z**3 - 5*z**2 + 2*z - 15. Let v be n(6). What is the highest common factor of v and 11?
11
Suppose -4*n - 2 = -6*n. What is the highest common factor of n and 7?
1
Suppose 3*n = -p + 24, -3*p + 10 = n + 2. Let i = n - 5. Calculate the highest common factor of i and 27.
3
Suppose 5*v = -6*a + a + 60, 2*a = v - 3. Suppose -5*q + 91 = -24. Let r = q - v. Calculate the highest common divisor of r and 2.
2
Let g = 185 - 175. What is the highest common divisor of g and 10?
10
Let s be (-1604)/(-16) + 3/(-12). Calculate the greatest common divisor of 40 and s.
20
Let c(r) = r**2 + r + 8. Let q be c(0). Suppose -5*d = 2*f + 2*f - 44, -d - 4 = 4*f. What is the greatest common divisor of q and d?
4
Let d(k) = 2*k - 2. Let h be d(2). Calculate the highest common divisor of h and 3.
1
Let m(b) = -b**3 - 3*b**2 + 5*b - 3. Let z be m(-5). Let s be (-18)/27*(1 - 4). Calculate the greatest common divisor of z and s.
2
Let y(f) = f**3 + f**2 + 4*f + 25. Let u be y(0). Calculate the highest common factor of u and 275.
25
Suppose 14 = 4*k + 2, 0 = 3*x + 3*k - 144. Suppose 5 = -2*a + 5*q + 25, 2*q + 29 = 5*a. What is the highest common factor of x and a?
5
Suppose 2*i + 2*u + 3 = 1, -2*i = u - 2. Let p = i - -10. What is the highest common factor of 65 and p?
13
Suppose 0 = 3*b + 3*q - 3, -10 = -0*b - 2*b + 2*q. Suppose 0*v = -b*v + t + 189, 0 = 4*v - 5*t - 252. Calculate the greatest common divisor of v and 9.
9
Let b(d) = d**2 + 2. Let a be b(3). Let x = -232 + 87. Let y = -46 - x. Calculate the greatest common divisor of a and y.
11
Let x = 20 - -25. Suppose -3*a + 3*u + 18 = 0, 3 = a + 4*u + 2. What is the greatest common divisor of x and a?
5
Suppose 3*a + 99 = -4*u, -4*a + 2*u = -0*u + 154. Let r = 85 + a. Calculate the highest common factor of 32 and r.
16
Let h be 188/6 + (-4)/(-6). Suppose -h + 8 = -3*j. Calcula